 - 631 - w = 0. Calculate the highest common factor of t and 17.
17
Suppose -5*l = -4*m + 43, l + m = -m - 3. Let b = -4 - l. Let x = 1218 + -1194. What is the greatest common factor of b and x?
3
Let c(n) = -n**2 - 59*n + 396. Let o be c(-40). What is the greatest common divisor of o and 204?
68
Let r = 341 - -2197. What is the highest common factor of 54 and r?
54
Suppose -21*d + 26*d - 40 = 0. Calculate the greatest common factor of d and 64.
8
Let b = 57 + -53. Suppose -b*a + 79 = 47. Let t be 6/4 - 2/(-4). Calculate the greatest common factor of t and a.
2
Let r = 289 - 85. Let q = 30 + -18. Calculate the greatest common factor of q and r.
12
Let x be (-2)/14 + 13452/84. What is the highest common divisor of 200 and x?
40
Suppose -773 + 53 = -24*b. Calculate the highest common divisor of b and 60.
30
Let b(k) = 2*k - 5. Suppose 5*l - 12 = 7*l. Let d be b(l). Let y = -13 - d. Calculate the highest common divisor of y and 8.
4
Suppose 3*x = -2*d + 685, -4*x - 108*d + 111*d + 885 = 0. Calculate the greatest common divisor of 285 and x.
15
Let c(n) = 5*n**2 + 4*n + 4. Let z be c(2). What is the greatest common divisor of z and 136?
8
Suppose -3*h + 694 + 456 = -g, 0 = -2*h - 4*g + 790. Calculate the highest common divisor of 35 and h.
35
Suppose 15 = 5*y - k, -5*y = -6*y - k + 3. Suppose -72 + 3 = -4*h - u, -y*h + 4*u + 66 = 0. What is the greatest common factor of h and 234?
18
Let o = -15 - -20. Suppose 0 = o*a + 1 - 11. Suppose a*f - 4 = -4*c, 4*f = c + 5 + 48. Calculate the highest common divisor of f and 36.
12
Suppose -i - i - 26 = 5*g, 2*g - i = -14. Let a be ((1 - -1)*g)/(4/(-36)). Calculate the highest common divisor of 12 and a.
12
Suppose -178 = -10*i + 352. Calculate the greatest common factor of i and 5.
1
Let w be -3 + 1 + (-8 - -19). Suppose 0 = -2*f - 2*f + 2*o - 10, -3*o = 2*f - 15. Suppose -l + 0*l + 18 = f. Calculate the greatest common factor of l and w.
9
Let m = 472 - 404. Calculate the highest common factor of 170 and m.
34
Let j(k) = 73*k - 1002. Let u be j(32). What is the highest common factor of 58 and u?
58
Let p = -16 - -335. Let h be (-2)/(-3) - (-28)/12 - -26. What is the greatest common factor of h and p?
29
Let s = 2 + 6. Let q be (6/(-4))/((-6)/s). Let t be 21 - (3/3 + q). Calculate the highest common divisor of 36 and t.
18
Let i(p) = -p**3 - 29*p**2 + 64*p + 64. Let f be i(-31). Calculate the highest common divisor of f and 19.
1
Suppose -56 = -5*x + 5*u + 74, 0 = -4*x + 3*u + 106. Let v(y) = -98*y + 298. Let f be v(3). Calculate the greatest common divisor of f and x.
4
Let o(n) = n + 1. Let w be o(0). Let q be (w + -22)*(-2)/3. Let a = 288 + -162. What is the highest common factor of q and a?
14
Suppose -142 = -u - w, -5*w - 28 = -u + 90. Suppose -h - u = -7*h. Let q = 25 - h. What is the highest common factor of 14 and q?
2
Let h be (-8)/10 - 14/35*-6127. Calculate the highest common divisor of 49 and h.
49
Let s(x) = 2*x**2 + 18*x + 8. Let k be s(-9). Suppose 9*a - k = 10. Calculate the greatest common divisor of a and 14.
2
Let b = 387 - 355. What is the highest common factor of b and 32?
32
Suppose 4*z - 4*v - 28 = 0, 3*z + 2*v = 7*v + 11. Let b(y) = 4*y + 2. Let k be b(-6). Let q = k + 58. What is the highest common divisor of q and z?
12
Let o be -59 - -68 - 36/(-1). What is the greatest common divisor of o and 1005?
15
Suppose 2*y - 390 = -4*m, m + 5*y = 7*y + 100. Calculate the greatest common factor of m and 14.
14
Let k(b) = -4*b - 10. Let y be k(-4). Let u(d) = d**2 - 6*d + 12. Let z be u(y). Let w = -8 - -20. Calculate the highest common divisor of w and z.
12
Let r be 732/36 - 2/6. Suppose 4 - 1 = -3*t, -r = -x + 4*t. Let g(y) = y**2 - 16*y + 2. Let l be g(x). Calculate the greatest common factor of 2 and l.
2
Let t = -6999 - -7020. Suppose 0 = 5*u - 347 - 73. Calculate the highest common factor of u and t.
21
Suppose -1495 = -w - 2*s, -40*w + 45*w + 3*s = 7461. What is the highest common factor of 21 and w?
21
Suppose 5*a + 3*t - 6*t - 264 = 0, -2*a + 111 = -3*t. What is the greatest common divisor of 204 and a?
51
Let v be (3 - (0 + -179 + 4)) + 4. What is the highest common factor of 14 and v?
14
Suppose 0 = -3*p + 25 + 17. Suppose 2*u + 7 = 5*s - 11, p = 3*s - 2*u. Calculate the greatest common divisor of s and 18.
2
Suppose -10*u = 28*u - 2964. Calculate the highest common factor of 1482 and u.
78
Suppose -3*t + 2 = -4. Let b = 854 + -422. Suppose -t*d - d = -b. Calculate the greatest common divisor of d and 16.
16
Let w(b) = b**3 - 21*b**2 + 71*b - 18. Let d be w(17). What is the highest common divisor of 44 and d?
11
Suppose 0 = -19*a + 33 + 423. What is the greatest common divisor of a and 3?
3
Suppose 4*b + 0*o = -o - 4, -4*b - 3*o - 12 = 0. Suppose 4*r + 232 - 1224 = b. Calculate the highest common divisor of r and 31.
31
Let n(c) = -c**2 + 8*c - 3. Let w be n(7). Suppose 14 = w*k - 2. What is the greatest common divisor of k and 12?
4
Let i be -5 - (-115)/20 - 218/(-8). What is the highest common divisor of 1764 and i?
28
Suppose u + 2*u = 234. Let y = u - 60. What is the greatest common divisor of y and 72?
18
Let n = 9 + 16. Suppose n*f - 54 = 22*f. Calculate the greatest common factor of 45 and f.
9
Let p be -2*1/(-4)*(2 + 30). Suppose -3*u + 2 = 4*d + p, 3*u - 26 = 4*d. Let r = -27 - -41. Calculate the highest common factor of u and r.
2
Let z(g) = 22*g + 2 + 25*g - 39*g. Let w be z(1). Suppose 9*k = 14*k - w. What is the highest common divisor of 2 and k?
2
Let c be 28 - ((-203)/232 - 1/8). What is the highest common factor of c and 493?
29
Let c(l) = -l**2 + 11*l + 10. Let t be c(12). Let z be 18/1*(-1)/t. Calculate the greatest common divisor of 9 and z.
9
Suppose 5*i + 100 = 5*v, 3*i + 2*v - 6 + 61 = 0. Let m = i + 25. Let z be 49/2 + m/(-12). Calculate the greatest common divisor of z and 12.
12
Suppose -3*f - z = -261 - 893, 0 = 5*f - 2*z - 1927. What is the highest common factor of f and 110?
55
Suppose 0 = -5*r + 332 - 92. Let x = 102 - r. Suppose h = 4*h - x. What is the highest common factor of h and 2?
2
Suppose 0 = -56*o + 3388 - 1148. Calculate the greatest common divisor of 95 and o.
5
Let q = -43 + 69. Suppose -5*l + 75 - 310 = 0. Let k = l - -112. Calculate the greatest common divisor of k and q.
13
Let r = 141 + 275. What is the greatest common factor of r and 52?
52
Suppose -332*d + 72 = -329*d. Calculate the greatest common factor of d and 88.
8
Let a(v) = -2*v - 36. Let l be a(-11). Let u = l + 16. Calculate the greatest common divisor of 32 and u.
2
Let h(o) = -1139*o + 77. Let v be h(-2). Calculate the highest common factor of 15 and v.
15
Let q = 1679 + -1671. Suppose -4 = 2*m, 2 = 2*k - m - 20. Let a be ((-4)/k)/((-1)/10). Calculate the highest common factor of q and a.
4
Let x be (-1508)/16 + (-1)/(-4). Let d = 131 + x. Let p be 3/(-12) + d/4. What is the greatest common factor of p and 27?
9
Let z be (64/8 + 2)*(-21)/(-5). Suppose -4*t - z = -d, 5*t = -5*d - 0*d + 260. Calculate the greatest common factor of d and 25.
25
Let k = -1445 + 1544. Calculate the greatest common divisor of 2178 and k.
99
Let d(v) = v**2 + 2*v + 1. Let q be d(-1). Let s be (2 - 8)*-3 - q. Suppose 7*w + 6 = 10*w. Calculate the highest common factor of w and s.
2
Let w = 222 + -38. Suppose -2*n + u = 2*n + 207, 3*n + 5*u = -w. Let v = n + 89. What is the highest common factor of 24 and v?
12
Suppose -8*m + 487 = 103. Let f = -53 - -125. Calculate the highest common factor of f and m.
24
Suppose 0 = -2*c + 270 + 42. Let r = c + -101. What is the greatest common divisor of 5 and r?
5
Let v(w) = -41*w - 32. Let z be v(-2). Calculate the greatest common divisor of z and 950.
50
Suppose 0 = -30*u + 34*u - 1224. Calculate the highest common divisor of 36 and u.
18
Let f be ((3 - 6) + 5)*8. Suppose 0 = -4*m + 7*m - 72. Calculate the greatest common divisor of f and m.
8
Let q(k) = k**2 - 8*k - 16. Let r = -32 - -44. Let x be q(r). Suppose 2*l - 9 = -c, c = -l + 3 + 2. What is the highest common divisor of x and l?
4
Let f(h) = 37*h**2 + 9*h - 49. Let v be f(9). Calculate the greatest common divisor of v and 13.
13
Suppose -3*n - 2*u + 82 = -40, -3*n + 121 = u. What is the greatest common divisor of n and 64?
8
Suppose 543 = 3*f - 4*h, 2*h - h - 174 = -f. What is the greatest commo